8*n**2 - 4. Let u(w) = -8*w**2 + 5. Let o(c) = 4*q(c) + 3*u(c). What are the prime factors of o(1)?
7
What are the prime factors of (-3)/((-60)/(-1385))*-4?
277
Suppose -c - 11 + 34 = 0. What are the prime factors of c?
23
Let z = 4 + 0. Suppose -3*t + 107 = -z. What are the prime factors of t?
37
Let d be 4*3*(-3)/2. What are the prime factors of ((-27)/d)/(1/2)?
3
Let y = 26 + -14. Let m = 1 + y. List the prime factors of m.
13
Let q(i) = 1 - 2 - 14*i + 1. List the prime factors of q(-1).
2, 7
Suppose -3*j + 0*j = 333. What are the prime factors of 4/26 - j/39?
3
Suppose -g - 3*a = -18, -3*g - a + 38 = -0*g. Suppose u + 4*u = m + g, -2*u + 3*m + 10 = 0. List the prime factors of u.
2
Let d be ((-3)/6)/((-3)/24). Suppose d*p = 3*p + 2. Suppose 2*u + p - 6 = 0. What are the prime factors of u?
2
Suppose 2*g - 3 = 15. Let r = 0 - g. List the prime factors of 2/2 - (r + 1).
3
Suppose -316 = -4*p + 120. What are the prime factors of p?
109
List the prime factors of (-32*6/5)/((-12)/40).
2
Let v be 0*(28/12 - 2). Suppose 22 = 3*x + 2*d - 64, v = 3*x + d - 88. List the prime factors of x.
2, 3, 5
Let k(l) = 4*l**2 + 2*l + 1. Let t be k(-1). Suppose 0 = t*d + 2*g + 3*g - 4, -3*d = -4*g - 13. List the prime factors of (1 - 0)*(d + 2).
5
Suppose -4*b + 9 - 1 = 0. List the prime factors of b.
2
Let n(c) = -c + 3. Let s be n(7). Let k be 2/4*(0 - s). Suppose 0 = k*i + 4*v - 22, -3*i = -2*i - 3*v - 16. List the prime factors of i.
13
Suppose -4*z + 273 - 53 = 0. What are the prime factors of z?
5, 11
List the prime factors of 21 + (-3)/2*2.
2, 3
Suppose -4*a + a + 3 = 0. Let y be a/((15/(-6))/5). What are the prime factors of (1 + 0)*(y - -7)?
5
Suppose 5*o = -4*s - 15, -3*o = -4*s + 2*o - 25. Let r be 1/2*(129 - s). Suppose 5*f + 8 = f, 0 = -5*u - 4*f + r. List the prime factors of u.
3, 5
Suppose -g - 4*v = 4*g - 41, 5*v = 2*g - 23. List the prime factors of g.
3
Let h = -32 + 68. What are the prime factors of h?
2, 3
Suppose 3*d - 57 = 6*d. List the prime factors of ((-2)/8)/(d/2356).
31
Suppose 4 = 3*x - 5. Let l = x - -11. Let i = l - 10. What are the prime factors of i?
2
Suppose 184 + 24 = 4*q. Let s = -14 + 14. Suppose s = -3*w - w + q. What are the prime factors of w?
13
Let z = 152 + -87. What are the prime factors of z?
5, 13
Let u(t) = -t**3 + 5*t**2 - 4*t + 1. Let q be u(3). What are the prime factors of (-1 + (2 - 0))*q?
7
Let m(r) be the third derivative of r**6/240 - r**5/60 + r**4/8 - r**2. Let v(w) be the second derivative of m(w). What are the prime factors of v(4)?
2, 5
Let t = 6 - -7. Let l(v) = v**2 - 12*v - 7. List the prime factors of l(t).
2, 3
Suppose 0 = -2*q + 6*q + 220. Let t = 82 + q. List the prime factors of t.
3
Let r(t) = t**3 - 4*t**2 + 5*t - 2. Let m be r(3). Suppose -4*g + 4*n = -96, 4*g + 6*n - m*n = 114. What are the prime factors of g?
3
Suppose 3*g = 6*g - 15. List the prime factors of g.
5
Let z = -1 + 6. Suppose 5*a - z*p + 15 = 70, -5*p + 35 = 4*a. List the prime factors of a.
2, 5
Let p(n) = 9*n**2 + 3*n - 2. Let t be 1*-3*(-10)/15. What are the prime factors of p(t)?
2, 5
Suppose 0 = 4*a + 4, 5*a + 53 = 3*u - 51. List the prime factors of u.
3, 11
Let p = -11 - -19. List the prime factors of p.
2
Let g = -6 + 6. Suppose 2*i + g*i = 42. Suppose 0*t = 5*z - t - i, 3*z = -2*t + 10. What are the prime factors of z?
2
Suppose -3*d - 219 + 589 = 2*s, -4*d + 5*s + 455 = 0. List the prime factors of d.
2, 3, 5
Let m = 37 + -6. Suppose -m = -4*v - 3*f, -f = -5*v + f + 33. List the prime factors of v.
7
Let u(x) = -10*x + 29. List the prime factors of u(-14).
13
List the prime factors of 620/15 - (-4)/(-12).
41
Let a = -1 - 1. Let c = 1 - a. Suppose 4*k - 38 = w, -3*k + c*w + 35 = -w. List the prime factors of k.
3
Suppose 3*g + 15 - 4 = -5*k, g + 3*k = -9. Let n be 2/7 + (-66)/(-14). Suppose -g*z + 19 = 3*i + z, n*i - 3*z = 80. List the prime factors of i.
13
Suppose -1 = v + 5. Let l be 0*(-3)/v - 0. What are the prime factors of 3*5 + (1 - l)?
2
Let j(y) = 17*y - 1. What are the prime factors of j(6)?
101
Suppose 0 = -2*m - 4, 6 = 5*b - 4*m - 12. Let t = 15 - b. What are the prime factors of t?
13
Let x be 1/((-1)/(-12)) - 2. Suppose -23 = -3*s - 2*s + 4*z, -5*z = x. What are the prime factors of s?
3
Let h = 102 - 60. List the prime factors of h.
2, 3, 7
Let k(u) = -u**3 - 6*u**2 - u - 3. Let v(g) = -g**3 - 9*g**2 + 2*g + 12. Let z be v(-9). List the prime factors of k(z).
3
Suppose 0 = -4*m + 5*n - 17, -3*m + 0*m - n + 11 = 0. Suppose -5*t - 15 = -z, 5*t + 17 = -m*z + 47. List the prime factors of z.
3, 5
Let z = -45 - -153. List the prime factors of z.
2, 3
Let n(r) = -2*r - 12. Let o be n(13). Let l = 79 + o. Let p = 62 - l. List the prime factors of p.
3, 7
Let q = -11 + 16. Suppose 45 = -q*t - 6*j + 2*j, 4*t + 3*j + 37 = 0. Let z = -7 - t. List the prime factors of z.
2, 3
Suppose q + 0*q - 5 = 0. Suppose -72 = -q*n + 118. What are the prime factors of n?
2, 19
Suppose 2*c - 8 = 0, -4*c + 3*c = -4*a - 12. Let g = a + 14. List the prime factors of g.
2, 3
Suppose -l = -0*l + 11. Let f be l/2*(0 + -2). Let r = f - 9. List the prime factors of r.
2
What are the prime factors of (135/(-18))/(9/(-366))?
5, 61
Let c(m) = m**2 - 2*m + 1. Let g be c(4). Suppose 5*t + 20 = g*t. Suppose t*l = 2*y + 57, -1 = l + 5*y - 7. List the prime factors of l.
11
Let w = 3 - 3. Suppose 2*o - 4*p = -4, -3*o - 5*p = -w - 27. What are the prime factors of o?
2
What are the prime factors of 46/(-1)*((-198)/12)/11?
3, 23
Suppose -o - 5*d - 10 = -167, 2*d - 145 = -o. What are the prime factors of o?
137
Let d = 14 - 2. List the prime factors of d.
2, 3
Let s(y) = -y**2 - 15*y - 14. List the prime factors of s(-12).
2, 11
Let w = 74 - 53. List the prime factors of w.
3, 7
Suppose 23 = -2*a - 3*p - 1, -4*a + 3*p - 30 = 0. Let k = a + 23. What are the prime factors of k?
2, 7
List the prime factors of (78/8)/((-4)/(-16)).
3, 13
What are the prime factors of 51/(-9)*(1 + -4)?
17
Suppose 371 - 1841 = -5*c. List the prime factors of c.
2, 3, 7
Let w(a) = -50*a**3 - 2*a. List the prime factors of w(-2).
2, 101
Let w = 3 + 2. Suppose -f + 8 = f, -s = w*f - 27. Suppose c - s = 3. List the prime factors of c.
2, 5
Let a(j) be the third derivative of j**4/6 - j**3/6 - 5*j**2. Let l = 0 - -1. What are the prime factors of a(l)?
3
Let g = -16 - -23. Let u(c) = -4*c + c**2 - 2*c + 0*c**2. What are the prime factors of u(g)?
7
Suppose 4*b + 4*p - p - 30 = 0, 0 = 5*p + 10. What are the prime factors of b?
3
Let z = 11 + -18. Let a = 3 - z. List the prime factors of a.
2, 5
Let r be (114/(-8))/(2/(-8)). Let h be (-1)/(-4) + r/(-4). What are the prime factors of h/4*(-2 - 0)?
7
Let c be 102/(-14) - 4/(-14). Let q be c/(6/7 + -1). Suppose 2*d = y - 1, 2*y + 3*y - q = -d. List the prime factors of y.
3
Suppose 0*g = 5*g - 10. List the prime factors of (g - 15)/((-1)/1).
13
Let h be (-35)/(-3) + (-2)/(-6). What are the prime factors of (h/21)/(4/14)?
2
Let r be 1/(2/(-20)) + 2. Let h be 1/2 - 236/r. What are the prime factors of (3/(-3))/((-2)/h)?
3, 5
Let d be (0 + 2 + 5)*1. Let s be 21/d + 0/2. What are the prime factors of (s/3)/((-3)/(-9))?
3
Suppose -5*x + 745 = 3*t, 0*x = 2*t - 4*x - 526. Suppose 0 = -7*k + t + 39. List the prime factors of k.
2, 3, 7
Suppose 28 = b - f, -3*b + 4*f = -b - 58. What are the prime factors of b?
3
Suppose 2*g - 105 = -3*g. What are the prime factors of 28/g*30/4?
2, 5
Let x(i) = 3*i**2 - 2*i - 2. What are the prime factors of x(4)?
2, 19
Suppose -p - 2 + 5 = 0. Suppose -80 = -p*g - 20. Let q = g - 11. What are the prime factors of q?
3
Suppose 0 = -2*q + 3*l - 5*l, -3 = -4*q - 3*l. Suppose -5*d = 0, x - 4*d = -0*d + q. List the prime factors of 13 + x/(-3) + 0.
2, 3
Suppose -5*s = -60 - 30. Let r = -5 - -7. Suppose -2*g - 16 = -x, 5*x - r*g = -s + 82. What are the prime factors of x?
2, 3
Let u = 256 + -176. Suppose 0 = f - 0*v + 5*v + 10, -4*f + 4*v = -u. Suppose 3 = -3*y + f. What are the prime factors of y?
2
Let g be (-308)/(-10) + (-2)/(-10). Suppose -r = 6*h - 3*h - 11, 2*h + 1 = r. Suppose 0 = -h*j + g + 1. What are the prime factors of j?
2
Let l(x) = -2*x + x**3 - 3*x + 4*x + 1 + 9*x**2 + 1. Let t be l(-9). Let k = -8 + t. What are the prime factors of k?
3
Suppose 2*f = 4*q - q + 301, q = -2*f + 321. List th